 72.
18
Calculate the greatest common divisor of 5688 and 240.
24
What is the greatest common divisor of 15 and 40245?
15
What is the greatest common divisor of 275838 and 403?
31
What is the greatest common divisor of 46522 and 2436?
14
Calculate the highest common divisor of 365143 and 94.
47
What is the highest common divisor of 67800 and 400?
200
Calculate the greatest common factor of 64975 and 791.
113
What is the greatest common divisor of 147035 and 175?
35
Calculate the greatest common divisor of 297137 and 46.
23
Calculate the highest common divisor of 19679524 and 1594.
1594
Calculate the highest common factor of 7968 and 29382.
498
What is the highest common factor of 168 and 33621?
21
Calculate the highest common divisor of 38 and 38513.
19
Calculate the greatest common divisor of 368 and 30521.
23
What is the highest common divisor of 8051 and 97?
97
What is the highest common factor of 474 and 873108?
474
What is the highest common factor of 8092 and 272?
68
What is the greatest common divisor of 935264 and 66?
22
What is the greatest common divisor of 46308 and 618?
6
Calculate the greatest common divisor of 87 and 4756.
29
What is the highest common divisor of 28 and 7153972?
28
Calculate the greatest common factor of 62700 and 363.
33
What is the highest common divisor of 2407 and 47393?
83
Calculate the highest common divisor of 146 and 128042.
146
Calculate the highest common divisor of 33022 and 494.
38
What is the greatest common divisor of 2805498 and 6?
6
What is the greatest common factor of 1849750 and 1960?
490
What is the greatest common factor of 4302 and 792?
18
Calculate the greatest common factor of 162666 and 189.
63
What is the greatest common factor of 38 and 3010?
2
Calculate the greatest common factor of 4815 and 3636.
9
What is the highest common factor of 276964 and 119?
17
Calculate the greatest common factor of 4784140 and 340.
340
Calculate the greatest common factor of 99 and 2118171.
33
What is the highest common divisor of 157140 and 105?
15
Calculate the highest common factor of 2067352 and 536.
536
Calculate the greatest common divisor of 266 and 193018.
14
Calculate the greatest common factor of 2325 and 11175.
75
What is the greatest common divisor of 222507 and 492?
123
Calculate the greatest common factor of 35 and 6881.
7
Calculate the greatest common divisor of 777 and 193547.
37
What is the highest common factor of 3540 and 42539?
59
What is the greatest common factor of 561400 and 14?
14
What is the greatest common factor of 666 and 13329?
9
Calculate the greatest common divisor of 218861 and 19.
19
What is the highest common factor of 175 and 614390?
35
Calculate the greatest common factor of 18331 and 539569.
797
What is the greatest common divisor of 2872 and 654098?
718
Calculate the greatest common divisor of 20715 and 75.
15
Calculate the highest common divisor of 17617656 and 1266.
1266
Calculate the highest common divisor of 14181 and 87.
87
Calculate the greatest common factor of 98 and 1944194.
14
What is the highest common factor of 2783 and 1058?
23
Calculate the greatest common factor of 497 and 2023.
7
What is the greatest common divisor of 608 and 113392?
304
Calculate the highest common divisor of 959881 and 39.
13
Calculate the greatest common divisor of 16 and 1000492.
4
What is the greatest common divisor of 32 and 376504?
8
What is the highest common factor of 43031 and 3959?
37
What is the greatest common divisor of 907503 and 1017?
339
Calculate the highest common factor of 238 and 116977.
119
Calculate the greatest common divisor of 47 and 2345.
1
Calculate the greatest common factor of 189065 and 230.
5
What is the highest common factor of 4049341 and 131?
131
What is the greatest common divisor of 46039 and 7?
7
Calculate the highest common factor of 48556 and 1990.
398
What is the greatest common divisor of 305914 and 154?
14
Calculate the greatest common factor of 7101 and 3753.
27
What is the greatest common divisor of 224 and 28192?
32
What is the greatest common factor of 92 and 6693?
23
What is the greatest common factor of 33150 and 1560?
390
What is the greatest common divisor of 14656 and 45376?
64
Calculate the highest common factor of 42 and 4368588.
42
What is the highest common divisor of 299 and 15686?
23
Calculate the greatest common factor of 462240 and 567.
27
Calculate the highest common divisor of 6027 and 1599.
123
What is the highest common divisor of 1161 and 48141?
27
What is the highest common factor of 399308 and 26?
26
What is the greatest common factor of 92685 and 4995?
555
Calculate the greatest common divisor of 190 and 79648.
38
What is the greatest common factor of 353231 and 746?
373
What is the greatest common factor of 297 and 495?
99
Calculate the greatest common divisor of 223916 and 385.
77
What is the greatest common divisor of 16500 and 1276?
44
What is the highest common factor of 1755 and 124371?
117
Calculate the greatest common factor of 872 and 208190.
218
Calculate the greatest common divisor of 2210240 and 640.
320
What is the greatest common divisor of 174 and 514576?
58
Calculate the greatest common divisor of 449 and 1055599.
449
Calculate the greatest common factor of 2892 and 162675.
723
What is the highest common divisor of 5479821 and 97?
97
Calculate the highest common factor of 50787 and 162.
81
Calculate the greatest common factor of 3608 and 13448.
328
Calculate the highest common factor of 4543 and 2662.
11
What is the greatest common divisor of 484334 and 92?
46
What is the greatest common factor of 9 and 266157?
9
Calculate the greatest common factor of 202345 and 2145.
715
What is the greatest common factor of 5 and 175585?
5
Calculate the highest common divisor of 1295 and 8890.
35
Calculate the highest common factor of 187 and 140437.
187
Calculate the highest common factor of 205 and 6724.
41
What is the greatest common factor of 960 and 2064?
48
What is the highest common divisor of 27006 and 8?
2
What is the highest common factor of 141 and 5781?
141
What is the highest common factor of 5 and 314390?
5
What is the highest common factor of 51 and 4777?
17
What is the greatest common factor of 1064 and 41468?
28
Calculate the highest common divisor of 6123733 and 67.
67
What is the greatest common divisor of 283582 and 2366?
338
What is the highest common divisor of 69 and 16767?
69
Calculate the highest common divisor of 47625 and 45.
15
Calculate the highest common factor of 373609 and 51.
17
What is the greatest common divisor of 693 and 5709?
33
Calculate the greatest common divisor of 23936 and 2595968.
2176
Calculate the highest common divisor of 578 and 82.
2
Calculate the highest common factor of 66576 and 240.
48
Calculate the highest common factor of 258 and 25585.
43
Calculate the highest common factor of 126 and 10224.
18
Calculate the greatest common factor of 168 and 85407.
21
What is the highest common divisor of 16902 and 108?
54
What is the greatest common factor of 1224 and 106947?
153
What is the greatest common factor of 4364 and 4652?
4
Calculate the highest common factor of 1572004 and 161.
161
What is the highest common factor of 1092326 and 118?
118
What is the highest common divisor of 2624 and 3659824?
656
Calculate the greatest common divisor of 4932512 and 668.
668
What is the highest common factor of 1992 and 1776?
24
Calculate the greatest common factor of 268014 and 456.
114
Calculate the greatest common factor of 1288 and 709366.
322
What is the greatest common divisor of 113357 and 1?
1
What is the highest common divisor of 12740 and 12636?
52
Calculate the greatest common factor of 1177 and 583.
11
Calculate the greatest common factor of 2046 and 234.
6
Calculate the highest common factor of 27 and 1251.
9
What is the highest common factor of 485525 and 25?
25
What is the greatest common factor of 5752 and 164651?
719
Calculate the greatest common divisor of 261320 and 20.
20
Calculate the highest common factor of 956 and 38718.
478
Calculate the greatest common factor of 2261 and 6023.
19
Calculate the highest common divisor of 63771 and 609.
87
Calculate the highest common divisor of 8752 and 24.
8
Calculate the greatest common divisor of 511707 and 3363.
177
W